c = n - 8. Let m be n/(-5)*(-2)/4. Give k(m).
7
Let a(i) = -i**2 + 9*i - 1. Let q(t) = -9*t - 118. Let v be q(-14). What is a(v)?
7
Let t(q) = -q**3 - 7*q**2 - 12*q - 5. Suppose 4*v = -3*h - 31, -4*h + 44*v - 36 = 48*v. Give t(h).
5
Let y be ((-4)/5)/((-12)/30). Suppose a - 2*c - 10 = -4*c, -16 = -4*a + 4*c. Let q(z) = -6*z**3 + a*z**y - 4 - 2 + 5 - 5*z**2. Give q(1).
-6
Suppose 5*w + 10*w - 15 = 0. Let k(y) = 4 + 0 - w + 4*y - 1. Calculate k(5).
22
Let h be (12/36)/((-1)/(-3)). Let u(k) be the first derivative of 1/2*k**2 - 2 + 0*k. Give u(h).
1
Let g(q) be the first derivative of -1/4*q**4 + 3/2*q**2 + 1/3*q**3 - 1 + q. Suppose 0 = -1708*r + 1739*r + 62. Calculate g(r).
7
Let u = 743 + -750. Let h(x) = -4*x + x**2 + 8 + 8*x + 4*x. What is h(u)?
1
Let m(r) = 6*r + 2. Suppose -2*w = 3*b - 5*w + 3, -11 = 4*b + 3*w. Give m(b).
-10
Suppose 23 = 3*i - 22. Suppose 0 = -r - 2*r + i. Let c(y) = -y + 1. Calculate c(r).
-4
Let s(a) = 5*a**2 + a. Let p = -6 - -8. Suppose p*y + 6 = 4. Let m(q) = -q - 2. Let i be m(y). What is s(i)?
4
Let u(y) be the second derivative of -y**3/3 - y**2 + 3*y - 4. Calculate u(-6).
10
Let u(k) = 2 + 5*k**2 + 21*k + 29*k - k**3 + 6*k**2 - 61*k. Give u(10).
-8
Let l = 8 - 4. Let y(a) be the second derivative of -5/6*a**3 + 0 - 1/20*a**5 - a**2 + 5/12*a**4 + 4*a. Give y(l).
-6
Let j = 21 + -19. Let y(v) = -3*v + 4*v - j*v + 0*v. Determine y(-1).
1
Let x(w) = -5*w**2 + 3*w + 6. Let k = -1 - -4. Let l(c) = 4*c**2 - 4*c - 6. Let z(h) = k*x(h) + 4*l(h). Let m be (-4)/7 - (-371)/49. Give z(m).
-6
Let m(b) = 4*b + 35. Let j be m(-8). Let l(t) = t**2. Let s(f) = 2*f + 8 - 3*f - f - 5. Let z(h) = l(h) - s(h). Determine z(j).
12
Suppose 69*q = 68*q + 2. Suppose -15 = 5*o - 5*c, -q*o + 4 = -5*c + 7. Let x(m) be the first derivative of -m**3/3 - 3*m**2 - 6*m - 2. What is x(o)?
2
Let i(v) = 4*v + 12. Suppose -36*m - 63 = -15*m. What is i(m)?
0
Let k(s) = s**2. Let t be k(2). Suppose 0 = -2*o + g - 7, -4*o + 0 - 32 = t*g. Let f(x) = x - 1. Give f(o).
-6
Let t(a) be the second derivative of a**5/20 - a**4/4 + 2*a**3/3 + a**2/2 - 7*a. Suppose -j + 3*q = 12, -6*q + 2*q = 3*j - 29. What is t(j)?
13
Let b(c) = 4*c**3 + 3*c - 7. Let v be b(2). Let n(f) = -15 + f**2 - 19 + v - 2*f**2 - 2*f. Suppose r + 2 = -0. Give n(r).
-3
Let s(d) = -d**3 - 5*d**2 + 5*d - 7. Let q(y) be the first derivative of -7*y**3/3 + y - 306. Suppose -5*j + 4*j = 1. Let k be q(j). Give s(k).
-1
Let v(i) be the second derivative of i**4/12 - 5*i**3/6 + i**2 - 17*i. Let a(n) = n**2 - 2*n + 2. Let r be a(3). What is v(r)?
2
Let y(k) be the third derivative of -1/6*k**3 + 0*k**4 - 1/120*k**6 + k**2 - 1/30*k**5 + 0*k + 0. Let n(r) = r + 8. Let t be n(-6). What is y(t)?
-17
Let c(n) = 5*n**3 + 3*n**2 - 6*n - 4. Let z(r) = -3*r**3 - 2*r**2 + 3*r + 2. Let g be ((-64)/(-10))/1 + 14/(-35). Let b(j) = g*c(j) + 11*z(j). Calculate b(-2).
12
Let h(d) be the third derivative of d**5/60 - d**4/4 + d**3/3 + 2*d**2. Let p = 772 - 766. What is h(p)?
2
Let d(q) be the second derivative of 5*q**3/3 - 6*q + 13. Determine d(1).
10
Let u(q) = -q**3 - 7*q**2 - 6*q - 2. Suppose 50 = -0*f + 5*f - 3*p, -2*f + 3*p = -20. Suppose 34 - 10 = 6*n. Let o = n - f. Give u(o).
-2
Let x(y) be the third derivative of -1/3*y**3 - 1/30*y**5 - 1/120*y**6 + 1/12*y**4 + 0 + 9*y**2 + 0*y. Determine x(-3).
1
Let v(j) = j - 7. Suppose 4*a + 278 = -2*m, -2*m + 226 = -a - 2*a. Let k = 78 + a. Give v(k).
-1
Let c(b) be the first derivative of 7*b + 0*b**3 - 1/4*b**4 + 0*b**2 + 12. Determine c(0).
7
Suppose 5 - 11 = -3*a. Let v(d) = d - 15*d**3 - 17*d**2 + 14*d**2 + 16*d**3. Determine v(a).
-2
Let i(j) = 3*j**2 + 5*j + 5. Let v(t) = -3*t**2 - 6*t - 7. Let z(x) = -4*i(x) - 3*v(x). Determine z(1).
-4
Let t(a) be the first derivative of -a**4/4 + 3*a**3 + a**2/2 - 9*a - 552. Determine t(9).
0
Let r(q) = 2*q - 5. Let s be r(4). Let l = 3 + s. Let n be l + 3*(-2)/3. Let b(u) = -u**2 + 4*u + 1. What is b(n)?
1
Let i(v) = 3*v**3 - v**2 - v. Let o(w) = -9*w**3 + 7*w**2 + 6*w + 3. Let n(b) = -4*i(b) - o(b). Let z be -3 - 2/4*0. Let g be (6/9)/(1/z). Calculate n(g).
13
Let c(a) = -45*a + 18*a + 7 + 1 + 14*a + 16*a. Give c(-3).
-1
Let g(v) = -v**3 - 3*v**2 - 2*v + 2. Let d be g(-3). Let l = -1085 + 1155. Let h(i) = i**2 + 39 + d*i + 35 - l. Determine h(-8).
4
Let v(f) = f**3 + 152*f**2 - 293*f**2 - 3*f - 20 + 149*f**2. Give v(-8).
4
Let k(u) = -u**2 + u - 2. Suppose -4*z = -0*z - 72. Suppose -3*h = -5*m + z, 3*m = 8*m + 2*h - 13. What is k(m)?
-8
Let d(p) = -5*p**3 - 10*p**2 - 4*p + 1. Let o(m) = 14*m**3 + 30*m**2 + 13*m - 4. Let l(c) = -11*d(c) - 4*o(c). What is l(-9)?
-4
Let a(b) be the second derivative of -b**4/12 + b**3/6 + 3*b**2 + 2*b + 46. Determine a(0).
6
Let l(d) be the third derivative of -d**8/20160 + d**7/840 - d**6/240 - 19*d**5/60 - d**2. Let v(z) be the third derivative of l(z). What is v(6)?
-3
Let k = 363 - 359. Let x(t) = -t**2 - 3. Let q(r) = r + 1. Let b(g) = -5*q(g) - x(g). Calculate b(k).
-6
Let q(n) = -6*n - 18. Let t be q(-3). Let a(p) = p + 23. What is a(t)?
23
Let i(q) be the second derivative of -2*q**2 + 2/3*q**3 + 1/12*q**4 + 14*q + 0. Calculate i(-5).
1
Let a be (-272)/(-3) - (-18)/(-27). Suppose 15 = -15*c - a. Let h(y) = -y**3 - 7*y**2 - 2*y - 6. Give h(c).
8
Suppose 0 = 3*z - 5*n + 7, 5 - 1 = -4*n. Let s be (-6)/5*(-5)/2. Let w(i) = -265*i**2 - 6*i - s + 264*i**2 + 0. What is w(z)?
5
Let y(d) be the first derivative of d**4/12 + 11*d**3/6 - d**2/2 + 2. Let a(f) be the second derivative of y(f). Calculate a(-8).
-5
Let c be (-16)/(-376) - 6/141. Let l(x) be the third derivative of -7*x**2 + c*x + 0 - 1/8*x**4 + 3/2*x**3. Calculate l(6).
-9
Let g(q) = q. Suppose -3*j + 65 = -0*h + h, -185 = -4*h + 3*j. Suppose h = 4*a - 5*l + 3*l, -4*a = 2*l - 70. Let p = -10 + a. Give g(p).
5
Let x(y) = -y**3 + 3*y - 4. Let r(q) = -7*q**2 + 24*q - 7. Let w be r(3). Determine x(w).
-6
Let g(b) = -4*b + 25 - 10 + 35 - 8. What is g(11)?
-2
Let g(n) = n**2 - 9*n + 16. Suppose -29 = -10*a + 41. Give g(a).
2
Suppose i - 4 = -i. Suppose i*u - 24 = 6*u. Let z(a) be the second derivative of -a**5/20 - 7*a**4/12 - 5*a**3/3 - 3*a**2 + 214*a + 2. Calculate z(u).
18
Let x(l) = -5*l**3 + l. Let u be x(-1). Let g(p) = 4*p - 3. Calculate g(u).
13
Let p(u) = 11*u. Suppose -108 = 38*r + 6. Give p(r).
-33
Let q = 238 + -237. Suppose 3*o + o - 41 = 5*a, -7 = 3*a + 2*o. Let p be a*(q + -1 + -1). Let k(t) = -t**3 + 4*t**2 + 5*t + 2. Calculate k(p).
2
Let f be (-3 + -1)/((-2)/(-2)). Let b(g) = 1. Let w(m) = -2*m - 5. Let h be 14/(-91) - 56/(-26). Let t(p) = h*b(p) + w(p). Calculate t(f).
5
Let w(p) = -8*p**2 + 12*p - 16. Let d(c) = -19*c**2 + 25*c - 33. Let l(z) = -3*d(z) + 7*w(z). Calculate l(-12).
23
Let f(o) = 7*o**3 - 15*o**2 + o - 8. Let r(t) = -4*t**3 + 8*t**2 + 4. Suppose 10 = 2*l + 2*y - 8, l + 7 = 3*y. Let a(w) = l*r(w) + 3*f(w). Determine a(3).
-13
Let d(u) = u**3 + 9*u**2 - 11*u - 11. Let a be d(-10). Let v(b) be the second derivative of -2*b**4/3 + b**3/6 - 57*b. Determine v(a).
-9
Suppose 3*h = 4*t + 7*h - 24, -2*t + 5*h = -26. Suppose -2*x + 4 = t. Let a(o) be the third derivative of -o**5/20 - o**4/24 - o**3/3 + 5*o**2. Calculate a(x).
-12
Let c(o) = -o**2 - o - 2. Let d(a) = a + 8. Let w be d(-6). Suppose 5*t = -w*t. Calculate c(t).
-2
Let s(i) = -i**2 + 7*i - 1. Let d = 19 - 9. Let q = -9 + d. Suppose q + 7 = 4*n + 5*p, 0 = -5*n + 2*p + 43. Determine s(n).
-1
Suppose -3*u + 6*w + 19 = 4*w, -2*w - 4 = 0. Let c(z) = z**3 - 5*z**2 + 5. Determine c(u).
5
Let p(b) = -b**2 + 4*b. Suppose -3*f - 2*i = -f - 2, -4*f - 12 = -4*i. Let a be (f + 2)/((-4)/28). Let m be a/(-3) - 13/39. Give p(m).
4
Suppose 3*a + 3*r - 24 = 0, 2*a + 1 = 4*r + 5. Let l(y) = -y - a - 11 + 15. Give l(-2).
0
Let h be ((-174)/(-10) + 26/(-65))/(-1). Let m(a) = -2*a - 27. Let t be m(h). Let i(w) = -w**2 + 10*w - 5. What is i(t)?
16
Let j(t) = 2*t**2 - 1. Let v = 18 - 15. Let x(k) = -3*k**2 - k + 3. Let y(c) = v*x(c) + 5*j(c). Calculate y(3).
4
Let n = -68 + 82. Suppose 4*f - 3*f + 23 = -3*q, -4*q = -2*f + n. Let t(x) = 2*x - 6. What is t(q)?
-18
Suppose 0 = 2*u + s + 7, -5*u + 0*u = -s. Let a(n) = -n**3 + n**2 - n - 1. Let m(q) = -q**2 - 5*q - 1. Let f(g) = u*a(g) + m(g). Let w = -875 - -878. Give f(w).
-3
Let f(b) = b**2 - 8*b - 10. Suppose -5*g = 5*t - 